{"id":11860,"date":"2016-02-06T19:30:18","date_gmt":"2016-02-06T18:30:18","guid":{"rendered":"http:\/\/2016.reguliq.de\/?page_id=11860"},"modified":"2018-04-27T06:18:20","modified_gmt":"2018-04-27T06:18:20","slug":"reguliq-enzyme","status":"publish","type":"page","link":"https:\/\/reguliq.ch\/espanol\/reguliq-enzyme\/","title":{"rendered":"Enzimas reguLiQ"},"content":{"rendered":"<p><div class=\"fusion-fullwidth fullwidth-box fusion-builder-row-1 nonhundred-percent-fullwidth non-hundred-percent-height-scrolling\" style=\"--awb-background-position:left top;--awb-border-radius-top-left:0px;--awb-border-radius-top-right:0px;--awb-border-radius-bottom-right:0px;--awb-border-radius-bottom-left:0px;--awb-padding-top:0px;--awb-padding-bottom:0px;--awb-border-sizes-top:0px;--awb-border-sizes-bottom:0px;--awb-flex-wrap:wrap;\" ><div class=\"fusion-builder-row fusion-row\"><div class=\"fusion-layout-column fusion_builder_column fusion-builder-column-0 fusion_builder_column_1_1 1_1 fusion-one-full fusion-column-first fusion-column-last fusion-column-no-min-height\" style=\"--awb-bg-size:cover;--awb-margin-bottom:0px;\"><div class=\"fusion-column-wrapper fusion-flex-column-wrapper-legacy\"><script type=\"text\/javascript\">jQuery(function() { _initLayerSlider( '#layerslider_5_tmrtq03f4yz0', {sliderVersion: '6.3.0', type: 'fullwidth', responsiveUnder: 0, layersContainer: 0, allowFullscreen: true, hideUnder: 0, hideOver: 100000, pauseOnHover: 1, forceCycles: false, skin: 'v5', sliderFadeInDuration: 350, globalBGSize: 'cover', useSrcset: true, skinsPath: 'https:\/\/reguliq.ch\/espanol\/wp-content\/plugins\/LayerSlider\/assets\/static\/layerslider\/skins\/', performanceMode: true}); });<\/script><div id=\"layerslider_5_tmrtq03f4yz0\"  class=\"ls-wp-container fitvidsignore ls-selectable\" style=\"width:1100px;height:450px;margin:0 auto;margin-bottom: 0px;\"><div class=\"ls-slide\" data-ls=\"duration:8000;transition2d:1;\"><img decoding=\"async\" width=\"1100\" height=\"400\" src=\"https:\/\/reguliq.ch\/espanol\/wp-content\/uploads\/sites\/5\/layerslider\/reguLiQ-3\/enzyme_2.jpg\" class=\"ls-bg\" alt=\"\" srcset=\"https:\/\/reguliq.ch\/espanol\/wp-content\/uploads\/sites\/5\/layerslider\/reguLiQ-3\/enzyme_2-200x73.jpg 200w, https:\/\/reguliq.ch\/espanol\/wp-content\/uploads\/sites\/5\/layerslider\/reguLiQ-3\/enzyme_2-300x109.jpg 300w, https:\/\/reguliq.ch\/espanol\/wp-content\/uploads\/sites\/5\/layerslider\/reguLiQ-3\/enzyme_2-400x145.jpg 400w, https:\/\/reguliq.ch\/espanol\/wp-content\/uploads\/sites\/5\/layerslider\/reguLiQ-3\/enzyme_2-600x218.jpg 600w, https:\/\/reguliq.ch\/espanol\/wp-content\/uploads\/sites\/5\/layerslider\/reguLiQ-3\/enzyme_2-768x279.jpg 768w, https:\/\/reguliq.ch\/espanol\/wp-content\/uploads\/sites\/5\/layerslider\/reguLiQ-3\/enzyme_2-800x291.jpg 800w, https:\/\/reguliq.ch\/espanol\/wp-content\/uploads\/sites\/5\/layerslider\/reguLiQ-3\/enzyme_2-1024x372.jpg 1024w, https:\/\/reguliq.ch\/espanol\/wp-content\/uploads\/sites\/5\/layerslider\/reguLiQ-3\/enzyme_2.jpg 1100w\" sizes=\"(max-width: 1100px) 100vw, 1100px\" \/><\/div><\/div><div class=\"fusion-clearfix\"><\/div><\/div><\/div><\/div><\/div><div class=\"fusion-fullwidth fullwidth-box fusion-builder-row-2 nonhundred-percent-fullwidth non-hundred-percent-height-scrolling\" style=\"--awb-background-position:left top;--awb-border-radius-top-left:0px;--awb-border-radius-top-right:0px;--awb-border-radius-bottom-right:0px;--awb-border-radius-bottom-left:0px;--awb-padding-top:20px;--awb-padding-bottom:20px;--awb-border-sizes-top:0px;--awb-border-sizes-bottom:0px;--awb-flex-wrap:wrap;\" ><div class=\"fusion-builder-row fusion-row\"><div class=\"fusion-layout-column fusion_builder_column fusion-builder-column-1 fusion_builder_column_3_4 3_4 fusion-three-fourth fusion-column-first\" style=\"--awb-bg-size:cover;width:74%; margin-right: 4%;\"><div class=\"fusion-column-wrapper fusion-flex-column-wrapper-legacy\"><div class=\"fusion-title title fusion-title-1 fusion-title-text fusion-title-size-one\"><h1 class=\"fusion-title-heading title-heading-left\" style=\"margin:0;\">Las enzimas reguLiQ son el resultado de una evoluci\u00f3n cient\u00edfica de un aditivo org\u00e1nico\/microbiol\u00f3gico para combustible.<\/h1><span class=\"awb-title-spacer\"><\/span><div class=\"title-sep-container\"><div class=\"title-sep sep-double sep-solid\" style=\"border-color:#e0dede;\"><\/div><\/div><\/div><div class=\"fusion-title title fusion-title-2 fusion-title-text fusion-title-size-two\"><h2 class=\"fusion-title-heading title-heading-left\" style=\"margin:0;\">Las enzimas naturales\u00a0son catalizadores biol\u00f3gicos.\u00a0Ellas eliminan bacterias prejudiciales y substancias extra\u00f1as de todo el sistema de combustible. Cada enzima tiene una estructura inconfundible y reacciona solamente al substrato (mol\u00e9cula diana) adecuado del combustible.<\/h2><span class=\"awb-title-spacer\"><\/span><div class=\"title-sep-container\"><div class=\"title-sep sep-double sep-solid\" style=\"border-color:#e0dede;\"><\/div><\/div><\/div><div class=\"fusion-clearfix\"><\/div><\/div><\/div><div class=\"fusion-layout-column fusion_builder_column fusion-builder-column-2 fusion_builder_column_1_4 1_4 fusion-one-fourth fusion-column-last\" style=\"--awb-bg-size:cover;width:22%;\"><div class=\"fusion-column-wrapper fusion-flex-column-wrapper-legacy\"><div class=\"fusion-image-element in-legacy-container\" style=\"--awb-caption-title-font-family:var(--h2_typography-font-family);--awb-caption-title-font-weight:var(--h2_typography-font-weight);--awb-caption-title-font-style:var(--h2_typography-font-style);--awb-caption-title-size:var(--h2_typography-font-size);--awb-caption-title-transform:var(--h2_typography-text-transform);--awb-caption-title-line-height:var(--h2_typography-line-height);--awb-caption-title-letter-spacing:var(--h2_typography-letter-spacing);\"><span class=\" fusion-imageframe imageframe-none imageframe-1 hover-type-none\"><a href=\"http:\/\/2016.reguliq.de\/wp-content\/uploads\/Blaetter_web.png\" class=\"fusion-lightbox\" data-rel=\"iLightbox[fc3db2e3e06b9e23ff0]\"><img decoding=\"async\" src=\"https:\/\/reguliq.ch\/espanol\/wp-content\/uploads\/sites\/5\/2016\/02\/Blaetter_web-300x300.png\" alt class=\"img-responsive\"\/><\/a><\/span><\/div><div class=\"fusion-clearfix\"><\/div><\/div><\/div><\/div><\/div><div class=\"fusion-fullwidth fullwidth-box fusion-builder-row-3 nonhundred-percent-fullwidth non-hundred-percent-height-scrolling\" style=\"--awb-background-position:left top;--awb-border-radius-top-left:0px;--awb-border-radius-top-right:0px;--awb-border-radius-bottom-right:0px;--awb-border-radius-bottom-left:0px;--awb-padding-top:40px;--awb-padding-bottom:20px;--awb-background-color:#76b82a;--awb-border-sizes-top:0px;--awb-border-sizes-bottom:0px;--awb-flex-wrap:wrap;\" ><div class=\"fusion-builder-row fusion-row\"><div class=\"fusion-layout-column fusion_builder_column fusion-builder-column-3 fusion_builder_column_3_4 3_4 fusion-three-fourth fusion-column-first\" style=\"--awb-bg-size:cover;width:74%; margin-right: 4%;\"><div class=\"fusion-column-wrapper fusion-flex-column-wrapper-legacy\"><div class=\"fusion-text fusion-text-1\"><p><span style=\"color: #ffffff\">Se debe a\u00f1adir encimas en proporciones de 1:10.000 al repostar combustible.<\/span><\/p>\n<p><span style=\"color: #ffffff\"><strong>Ejemplo:<\/strong><\/span><br \/>\n<span style=\"color: #ffffff\"> <strong> Para 10.000 l de combustible se a\u00f1ade 1,0 l de enzimas reguLiQ<\/strong><\/span><br \/>\n<span style=\"color: #ffffff\"> <strong> Para 50 l de combustible se a\u00f1ade 5 ml de enzimas reguLiQ<\/strong><\/span><\/p>\n<\/div><div class=\"fusion-text fusion-text-2\"><p><span style=\"color: #ffffff\">Las enzimas limpian y se unen al combustible. Aqu\u00ed no se cambia las caracter\u00edsticas del combustible como ocurre con los aditivos qu\u00edmicos. Eso significa: No se puede causar da\u00f1os al motor o al sistema de combustible!<br \/>\nLa alta energ\u00eda de activaci\u00f3n de las enzimas permite que el combustible puro y limpio sea usado y optmizado directamente despu\u00e9s de la adici\u00f3n.<br \/>\nDurante la combusti\u00f3n las enzimas son quemadas junto al combustible. Como se trata de un compuesto org\u00e1nico, no se emiten gases prejudiciales o residuos.<\/span><\/p>\n<\/div><div class=\"fusion-clearfix\"><\/div><\/div><\/div><\/div><\/div><div class=\"fusion-fullwidth fullwidth-box fusion-builder-row-4 nonhundred-percent-fullwidth non-hundred-percent-height-scrolling\" style=\"--awb-background-position:left top;--awb-border-radius-top-left:0px;--awb-border-radius-top-right:0px;--awb-border-radius-bottom-right:0px;--awb-border-radius-bottom-left:0px;--awb-padding-top:20px;--awb-padding-bottom:20px;--awb-border-sizes-top:0px;--awb-border-sizes-bottom:0px;--awb-flex-wrap:wrap;\" ><div class=\"fusion-builder-row fusion-row\"><div class=\"fusion-layout-column fusion_builder_column fusion-builder-column-4 fusion_builder_column_1_1 1_1 fusion-one-full fusion-column-first fusion-column-last fusion-column-no-min-height\" style=\"--awb-bg-size:cover;--awb-margin-bottom:0px;\"><div class=\"fusion-column-wrapper fusion-flex-column-wrapper-legacy\"><div class=\"fusion-title title fusion-title-3 fusion-sep-none fusion-title-text fusion-title-size-one\"><h1 class=\"fusion-title-heading title-heading-left\" style=\"margin:0;\">Efecto de las\u00a0enzimas reguLiQ<\/h1><\/div><div class=\"fusion-clearfix\"><\/div><\/div><\/div><div class=\"fusion-layout-column fusion_builder_column fusion-builder-column-5 fusion_builder_column_1_1 1_1 fusion-one-full fusion-column-first fusion-column-last fusion-column-no-min-height\" style=\"--awb-bg-size:cover;--awb-margin-bottom:0px;\"><div class=\"fusion-column-wrapper fusion-flex-column-wrapper-legacy\"><div class=\"fusion-title title fusion-title-4 fusion-sep-none fusion-title-text fusion-title-size-two\" style=\"--awb-margin-bottom:10px;\"><h2 class=\"fusion-title-heading title-heading-left\" style=\"margin:0;\">Las enzimas reguLiQ desarrollan su mejor eficiencia en tres fases:<\/h2><\/div><div class=\"fusion-image-element fusion-image-align-center in-legacy-container\" style=\"text-align:center;--awb-caption-title-font-family:var(--h2_typography-font-family);--awb-caption-title-font-weight:var(--h2_typography-font-weight);--awb-caption-title-font-style:var(--h2_typography-font-style);--awb-caption-title-size:var(--h2_typography-font-size);--awb-caption-title-transform:var(--h2_typography-text-transform);--awb-caption-title-line-height:var(--h2_typography-line-height);--awb-caption-title-letter-spacing:var(--h2_typography-letter-spacing);\"><div class=\"imageframe-align-center\"><span class=\" fusion-imageframe imageframe-none imageframe-2 hover-type-none\"><img decoding=\"async\" width=\"3417\" height=\"1551\" title=\"Kurve_spanisch\" src=\"https:\/\/reguliq.ch\/espanol\/wp-content\/uploads\/sites\/5\/2018\/03\/Kurve_spanisch.png\" alt class=\"img-responsive wp-image-12366\" srcset=\"https:\/\/reguliq.ch\/espanol\/wp-content\/uploads\/sites\/5\/2018\/03\/Kurve_spanisch-200x91.png 200w, https:\/\/reguliq.ch\/espanol\/wp-content\/uploads\/sites\/5\/2018\/03\/Kurve_spanisch-400x182.png 400w, https:\/\/reguliq.ch\/espanol\/wp-content\/uploads\/sites\/5\/2018\/03\/Kurve_spanisch-600x272.png 600w, https:\/\/reguliq.ch\/espanol\/wp-content\/uploads\/sites\/5\/2018\/03\/Kurve_spanisch-800x363.png 800w, https:\/\/reguliq.ch\/espanol\/wp-content\/uploads\/sites\/5\/2018\/03\/Kurve_spanisch-1200x545.png 1200w, https:\/\/reguliq.ch\/espanol\/wp-content\/uploads\/sites\/5\/2018\/03\/Kurve_spanisch.png 3417w\" sizes=\"(max-width: 800px) 100vw, 1200px\" \/><\/span><\/div><\/div><div class=\"fusion-text fusion-text-3\"><p><span style=\"color: #0093c6\">*<\/span> Los resutados dependen del grado de poluci\u00f3n y de la calidad del combustible.<\/p>\n<\/div><div class=\"fusion-clearfix\"><\/div><\/div><\/div><\/div><\/div><div class=\"fusion-fullwidth fullwidth-box fusion-builder-row-5 hundred-percent-fullwidth non-hundred-percent-height-scrolling\" style=\"--awb-border-radius-top-left:0px;--awb-border-radius-top-right:0px;--awb-border-radius-bottom-right:0px;--awb-border-radius-bottom-left:0px;--awb-overflow:visible;--awb-padding-right:30px;--awb-padding-left:30px;--awb-flex-wrap:wrap;\" ><div class=\"fusion-builder-row fusion-row\"><div class=\"fusion-layout-column fusion_builder_column fusion-builder-column-6 fusion_builder_column_1_1 1_1 fusion-one-full fusion-column-first fusion-column-last fusion-column-no-min-height\" style=\"--awb-bg-size:cover;--awb-margin-bottom:0px;\"><div class=\"fusion-column-wrapper fusion-flex-column-wrapper-legacy\"><div class=\"fusion-section-separator section-separator triangle fusion-section-separator-1\" style=\"--awb-border-bottom:1px solid #ffffff;--awb-spacer-height:1px;--awb-svg-margin-left:0;--awb-svg-margin-right:0;--awb-icon-color:#ffffff;\"><div class=\"fusion-section-separator-svg\"><div class=\"divider-candy-arrow bottom\" style=\"top:0px;border-top-color: #ffffff;\"><\/div><div class=\"divider-candy bottom\" style=\"bottom:-21px;border-bottom:1px solid #ffffff;border-left:1px solid #ffffff;\"><\/div><\/div><div class=\"fusion-section-separator-spacer\"><div class=\"fusion-section-separator-spacer-height\"><\/div><\/div><\/div><div class=\"fusion-clearfix\"><\/div><\/div><\/div><\/div><\/div><div class=\"fusion-fullwidth fullwidth-box fusion-builder-row-6 nonhundred-percent-fullwidth non-hundred-percent-height-scrolling\" style=\"--awb-background-position:left top;--awb-border-radius-top-left:0px;--awb-border-radius-top-right:0px;--awb-border-radius-bottom-right:0px;--awb-border-radius-bottom-left:0px;--awb-padding-top:80px;--awb-padding-bottom:0px;--awb-background-color:#76b82a;--awb-border-sizes-top:0px;--awb-border-sizes-bottom:0px;--awb-flex-wrap:wrap;\" ><div class=\"fusion-builder-row fusion-row\"><div class=\"fusion-layout-column fusion_builder_column fusion-builder-column-7 fusion_builder_column_1_1 1_1 fusion-one-full fusion-column-first fusion-column-last\" style=\"--awb-bg-size:cover;\"><div class=\"fusion-column-wrapper fusion-flex-column-wrapper-legacy\"><div class=\"fusion-content-boxes content-boxes columns row fusion-columns-3 fusion-columns-total-3 fusion-content-boxes-1 content-boxes-icon-on-side content-left\" style=\"--awb-title-color:#ffffff;--awb-hover-accent-color:#1a80b6;--awb-circle-hover-accent-color:#1a80b6;\" data-animationOffset=\"top-into-view\"><div style=\"--awb-backgroundcolor:rgba(255,255,255,0);--awb-iconcolor:#76b82a;--awb-content-padding-left:64px;\" class=\"fusion-column content-box-column content-box-column content-box-column-1 col-lg-4 col-md-4 col-sm-4 fusion-content-box-hover content-box-column-first-in-row\"><div class=\"col content-box-wrapper content-wrapper link-area-link-icon icon-hover-animation-fade\" data-animationOffset=\"top-into-view\"><div class=\"heading heading-with-icon icon-left\"><div class=\"icon\"><i style=\"border-color:#ffffff;border-width:1px;background-color:#ffffff;box-sizing:content-box;height:42px;width:42px;line-height:42px;border-radius:50%;font-size:21px;\" aria-hidden=\"true\" class=\"fontawesome-icon fa fa-arrow-right circle-yes\"><\/i><\/div><h2 class=\"content-box-heading\" style=\"--h2_typography-font-size:28px;line-height:33px;padding-left:64px;\">Fase 1 - Limpieza<\/h2><\/div><div class=\"fusion-clearfix\"><\/div><div class=\"content-container\">\n<p>Las enzimas ReguLiQ eliminan los dep\u00f3sitos de los tanques, bombas y tuber\u00edas a hasta temperaturas aproximadamente 88 \u00b0 C. Las enzimas mejoran el flujo, la lubricaci\u00f3n y evitan la formaci\u00f3n de azufre.<\/p>\n<p><span style=\"color: #ffffff\">Significativamente se liberan al medio ambiente menos contaminantes (holl\u00edn, CO, CO2, NO2, SO2). Libre de dep\u00f3sitos reduce la formaci\u00f3n de part\u00edculas de holl\u00edn y humo.<\/span><\/p>\n<\/div><\/div><\/div><div style=\"--awb-backgroundcolor:rgba(255,255,255,0);--awb-iconcolor:#76b82a;--awb-content-padding-left:64px;\" class=\"fusion-column content-box-column content-box-column content-box-column-2 col-lg-4 col-md-4 col-sm-4 fusion-content-box-hover \"><div class=\"col content-box-wrapper content-wrapper link-area-link-icon icon-hover-animation-fade\" data-animationOffset=\"top-into-view\"><div class=\"heading heading-with-icon icon-left\"><div class=\"icon\"><i style=\"border-color:#ffffff;border-width:1px;background-color:#ffffff;box-sizing:content-box;height:42px;width:42px;line-height:42px;border-radius:50%;font-size:21px;\" aria-hidden=\"true\" class=\"fontawesome-icon fa fa-arrow-right circle-yes\"><\/i><\/div><h2 class=\"content-box-heading\" style=\"--h2_typography-font-size:28px;line-height:33px;padding-left:64px;\">Fase 2 - Optimizaci\u00f3n<\/h2><\/div><div class=\"fusion-clearfix\"><\/div><div class=\"content-container\">\n<p>Durante la combusti\u00f3n, el proceso de limpieza se acelera y mejora: las enzimas reguLiQ aumentan el rendimiento t\u00e9rmico, reducen la fricci\u00f3n y los dep\u00f3sitos en la c\u00e1mara de combusti\u00f3n.<\/p>\n<p><span style=\"color: #ffffff\">Reducci\u00f3n del desgaste del motor y de los perif\u00e9ricos: &#8222;neutralizaci\u00f3n&#8220; de las mol\u00e9culas de agua, part\u00edculas de caucho y bacterias org\u00e1nicas (hongos diesel) en el combustible.<\/span><\/p>\n<\/div><\/div><\/div><div style=\"--awb-backgroundcolor:rgba(255,255,255,0);--awb-iconcolor:#76b82a;--awb-content-padding-left:64px;\" class=\"fusion-column content-box-column content-box-column content-box-column-3 col-lg-4 col-md-4 col-sm-4 fusion-content-box-hover content-box-column-last content-box-column-last-in-row\"><div class=\"col content-box-wrapper content-wrapper link-area-link-icon icon-hover-animation-fade\" data-animationOffset=\"top-into-view\"><div class=\"heading heading-with-icon icon-left\"><div class=\"icon\"><i style=\"border-color:#ffffff;border-width:1px;background-color:#ffffff;box-sizing:content-box;height:42px;width:42px;line-height:42px;border-radius:50%;font-size:21px;\" aria-hidden=\"true\" class=\"fontawesome-icon fa fa-arrow-right circle-yes\"><\/i><\/div><h2 class=\"content-box-heading\" style=\"--h2_typography-font-size:28px;line-height:33px;padding-left:64px;\">Fase 3 - Ahorro<\/h2><\/div><div class=\"fusion-clearfix\"><\/div><div class=\"content-container\">\n<p>El combustible m\u00e1s limpio se quema de manera m\u00e1s efectiva. Esto requerir\u00e1 menos combustible. El ahorro depende de la condici\u00f3n del motor y la contaminaci\u00f3n del combustible.<\/p>\n<h2><span style=\"color: #ffffff\">+ M\u00e1s rentabilidad<\/span><br \/>\n<span style=\"color: #ffffff\">+ Protecci\u00f3n del medio ambiente<\/span><\/h2>\n<\/div><\/div><\/div><div class=\"fusion-clearfix\"><\/div><\/div><div class=\"fusion-clearfix\"><\/div><\/div><\/div><\/div><\/div><\/p>\n","protected":false},"excerpt":{"rendered":"","protected":false},"author":1,"featured_media":0,"parent":0,"menu_order":0,"comment_status":"closed","ping_status":"closed","template":"100-width.php","meta":{"footnotes":""},"class_list":["post-11860","page","type-page","status-publish","hentry"],"yoast_head":"<!-- This site is optimized with the Yoast SEO plugin v26.7 - https:\/\/yoast.com\/wordpress\/plugins\/seo\/ -->\n<title>Enzimas reguLiQ - reguLiQ-Enzimas<\/title>\n<meta name=\"robots\" content=\"index, follow, max-snippet:-1, max-image-preview:large, max-video-preview:-1\" \/>\n<link rel=\"canonical\" href=\"https:\/\/reguliq.ch\/espanol\/reguliq-enzyme\/\" \/>\n<meta property=\"og:locale\" content=\"de_DE\" \/>\n<meta property=\"og:type\" content=\"article\" \/>\n<meta property=\"og:title\" content=\"Enzimas reguLiQ - reguLiQ-Enzimas\" \/>\n<meta property=\"og:url\" content=\"https:\/\/reguliq.ch\/espanol\/reguliq-enzyme\/\" \/>\n<meta property=\"og:site_name\" content=\"reguLiQ-Enzimas\" \/>\n<meta property=\"article:modified_time\" content=\"2018-04-27T06:18:20+00:00\" \/>\n<meta property=\"og:image\" content=\"https:\/\/reguliq.ch\/espanol\/wp-content\/uploads\/sites\/5\/2016\/02\/Blaetter_web-300x300.png\" \/>\n<meta name=\"twitter:card\" content=\"summary_large_image\" \/>\n<meta name=\"twitter:label1\" content=\"Gesch\u00e4tzte Lesezeit\" \/>\n\t<meta name=\"twitter:data1\" content=\"9\u00a0Minuten\" \/>\n<script type=\"application\/ld+json\" class=\"yoast-schema-graph\">{\"@context\":\"https:\/\/schema.org\",\"@graph\":[{\"@type\":\"WebPage\",\"@id\":\"https:\/\/reguliq.ch\/espanol\/reguliq-enzyme\/\",\"url\":\"https:\/\/reguliq.ch\/espanol\/reguliq-enzyme\/\",\"name\":\"Enzimas reguLiQ - reguLiQ-Enzimas\",\"isPartOf\":{\"@id\":\"https:\/\/reguliq.ch\/espanol\/#website\"},\"primaryImageOfPage\":{\"@id\":\"https:\/\/reguliq.ch\/espanol\/reguliq-enzyme\/#primaryimage\"},\"image\":{\"@id\":\"https:\/\/reguliq.ch\/espanol\/reguliq-enzyme\/#primaryimage\"},\"thumbnailUrl\":\"https:\/\/reguliq.ch\/espanol\/wp-content\/uploads\/sites\/5\/2016\/02\/Blaetter_web-300x300.png\",\"datePublished\":\"2016-02-06T18:30:18+00:00\",\"dateModified\":\"2018-04-27T06:18:20+00:00\",\"breadcrumb\":{\"@id\":\"https:\/\/reguliq.ch\/espanol\/reguliq-enzyme\/#breadcrumb\"},\"inLanguage\":\"de\",\"potentialAction\":[{\"@type\":\"ReadAction\",\"target\":[\"https:\/\/reguliq.ch\/espanol\/reguliq-enzyme\/\"]}]},{\"@type\":\"ImageObject\",\"inLanguage\":\"de\",\"@id\":\"https:\/\/reguliq.ch\/espanol\/reguliq-enzyme\/#primaryimage\",\"url\":\"https:\/\/reguliq.ch\/espanol\/wp-content\/uploads\/sites\/5\/2016\/02\/Blaetter_web.png\",\"contentUrl\":\"https:\/\/reguliq.ch\/espanol\/wp-content\/uploads\/sites\/5\/2016\/02\/Blaetter_web.png\",\"width\":500,\"height\":500},{\"@type\":\"BreadcrumbList\",\"@id\":\"https:\/\/reguliq.ch\/espanol\/reguliq-enzyme\/#breadcrumb\",\"itemListElement\":[{\"@type\":\"ListItem\",\"position\":1,\"name\":\"Startseite\",\"item\":\"https:\/\/reguliq.ch\/espanol\/\"},{\"@type\":\"ListItem\",\"position\":2,\"name\":\"Enzimas reguLiQ\"}]},{\"@type\":\"WebSite\",\"@id\":\"https:\/\/reguliq.ch\/espanol\/#website\",\"url\":\"https:\/\/reguliq.ch\/espanol\/\",\"name\":\"reguLiQ-Enzimas\",\"description\":\"regulating liquids\",\"potentialAction\":[{\"@type\":\"SearchAction\",\"target\":{\"@type\":\"EntryPoint\",\"urlTemplate\":\"https:\/\/reguliq.ch\/espanol\/?s={search_term_string}\"},\"query-input\":{\"@type\":\"PropertyValueSpecification\",\"valueRequired\":true,\"valueName\":\"search_term_string\"}}],\"inLanguage\":\"de\"}]}<\/script>\n<!-- \/ Yoast SEO plugin. -->","yoast_head_json":{"title":"Enzimas reguLiQ - reguLiQ-Enzimas","robots":{"index":"index","follow":"follow","max-snippet":"max-snippet:-1","max-image-preview":"max-image-preview:large","max-video-preview":"max-video-preview:-1"},"canonical":"https:\/\/reguliq.ch\/espanol\/reguliq-enzyme\/","og_locale":"de_DE","og_type":"article","og_title":"Enzimas reguLiQ - reguLiQ-Enzimas","og_url":"https:\/\/reguliq.ch\/espanol\/reguliq-enzyme\/","og_site_name":"reguLiQ-Enzimas","article_modified_time":"2018-04-27T06:18:20+00:00","og_image":[{"url":"https:\/\/reguliq.ch\/espanol\/wp-content\/uploads\/sites\/5\/2016\/02\/Blaetter_web-300x300.png","type":"","width":"","height":""}],"twitter_card":"summary_large_image","twitter_misc":{"Gesch\u00e4tzte Lesezeit":"9\u00a0Minuten"},"schema":{"@context":"https:\/\/schema.org","@graph":[{"@type":"WebPage","@id":"https:\/\/reguliq.ch\/espanol\/reguliq-enzyme\/","url":"https:\/\/reguliq.ch\/espanol\/reguliq-enzyme\/","name":"Enzimas reguLiQ - reguLiQ-Enzimas","isPartOf":{"@id":"https:\/\/reguliq.ch\/espanol\/#website"},"primaryImageOfPage":{"@id":"https:\/\/reguliq.ch\/espanol\/reguliq-enzyme\/#primaryimage"},"image":{"@id":"https:\/\/reguliq.ch\/espanol\/reguliq-enzyme\/#primaryimage"},"thumbnailUrl":"https:\/\/reguliq.ch\/espanol\/wp-content\/uploads\/sites\/5\/2016\/02\/Blaetter_web-300x300.png","datePublished":"2016-02-06T18:30:18+00:00","dateModified":"2018-04-27T06:18:20+00:00","breadcrumb":{"@id":"https:\/\/reguliq.ch\/espanol\/reguliq-enzyme\/#breadcrumb"},"inLanguage":"de","potentialAction":[{"@type":"ReadAction","target":["https:\/\/reguliq.ch\/espanol\/reguliq-enzyme\/"]}]},{"@type":"ImageObject","inLanguage":"de","@id":"https:\/\/reguliq.ch\/espanol\/reguliq-enzyme\/#primaryimage","url":"https:\/\/reguliq.ch\/espanol\/wp-content\/uploads\/sites\/5\/2016\/02\/Blaetter_web.png","contentUrl":"https:\/\/reguliq.ch\/espanol\/wp-content\/uploads\/sites\/5\/2016\/02\/Blaetter_web.png","width":500,"height":500},{"@type":"BreadcrumbList","@id":"https:\/\/reguliq.ch\/espanol\/reguliq-enzyme\/#breadcrumb","itemListElement":[{"@type":"ListItem","position":1,"name":"Startseite","item":"https:\/\/reguliq.ch\/espanol\/"},{"@type":"ListItem","position":2,"name":"Enzimas reguLiQ"}]},{"@type":"WebSite","@id":"https:\/\/reguliq.ch\/espanol\/#website","url":"https:\/\/reguliq.ch\/espanol\/","name":"reguLiQ-Enzimas","description":"regulating liquids","potentialAction":[{"@type":"SearchAction","target":{"@type":"EntryPoint","urlTemplate":"https:\/\/reguliq.ch\/espanol\/?s={search_term_string}"},"query-input":{"@type":"PropertyValueSpecification","valueRequired":true,"valueName":"search_term_string"}}],"inLanguage":"de"}]}},"_links":{"self":[{"href":"https:\/\/reguliq.ch\/espanol\/wp-json\/wp\/v2\/pages\/11860","targetHints":{"allow":["GET"]}}],"collection":[{"href":"https:\/\/reguliq.ch\/espanol\/wp-json\/wp\/v2\/pages"}],"about":[{"href":"https:\/\/reguliq.ch\/espanol\/wp-json\/wp\/v2\/types\/page"}],"author":[{"embeddable":true,"href":"https:\/\/reguliq.ch\/espanol\/wp-json\/wp\/v2\/users\/1"}],"replies":[{"embeddable":true,"href":"https:\/\/reguliq.ch\/espanol\/wp-json\/wp\/v2\/comments?post=11860"}],"version-history":[{"count":21,"href":"https:\/\/reguliq.ch\/espanol\/wp-json\/wp\/v2\/pages\/11860\/revisions"}],"predecessor-version":[{"id":12422,"href":"https:\/\/reguliq.ch\/espanol\/wp-json\/wp\/v2\/pages\/11860\/revisions\/12422"}],"wp:attachment":[{"href":"https:\/\/reguliq.ch\/espanol\/wp-json\/wp\/v2\/media?parent=11860"}],"curies":[{"name":"wp","href":"https:\/\/api.w.org\/{rel}","templated":true}]}}